(-126)*-3). List the prime factors of x(h).
2, 3, 19
Suppose -3*p - 18 = -o, p + 2 = -o - 0*p. Suppose 2*w = 3*r - 5, 4*r - 2*w - o*w - 2 = 0. Suppose -16 = -r*v + 20. List the prime factors of v.
2, 3
Suppose 0 = 2*u + 3*v - 12 - 11, -3*v = 5*u - 35. Let g(i) = -i**2 + 8. Let t be g(u). What are the prime factors of t - -17 - (0 + -2)?
11
Suppose 0 = 18*l - 19*l + 110. Suppose -5 = -2*c - 77. What are the prime factors of (-24)/c + l/6?
19
List the prime factors of 858 - ((-1)/(-6) - 285/90).
3, 7, 41
Let x(y) = -y**3 + 9*y**2 + 3. Let k be 18*(4/(8/(-2)))/(-3). List the prime factors of x(k).
3, 37
What are the prime factors of (1745/(-35) + 1)/((-1)/7)?
2, 3, 19
Let c(h) = -h**3 + h**2 + 2*h. Let v be (14/5)/(3/(-15)). Let p(o) = o**2 + 15*o + 12. Let m be p(v). List the prime factors of c(m).
2
Suppose -2*v = v + 9. Suppose -4*q + 5*c - 32 = 0, -5*q - 5*c - 26 = 14. List the prime factors of 13 + q/(v - 1).
3, 5
Let o(x) be the third derivative of 0*x**4 + 5*x**2 + 0 + 0*x + 1/12*x**5 - 1/6*x**3. What are the prime factors of o(-1)?
2
Let o(h) = h**3 - 8*h**2 + 9*h - 1. Let k be o(10). Let f = -186 + k. What are the prime factors of f?
103
Let n be -8 + 11 - (0 + 2). List the prime factors of (n*(-2 + 14))/(6/4).
2
Let l(j) be the third derivative of -7*j**4/24 + j**3/2 - 15*j**2. What are the prime factors of l(-5)?
2, 19
Suppose -4*l + 2497 = 3*f, 2*f = -l - 0*f + 623. Suppose -11*w + l = -6*w. List the prime factors of w.
5
Let n(z) = -82*z - 34. Let j be n(-7). Suppose -7*w + j = -377. What are the prime factors of w?
131
Suppose 7209 = 3*d - 3*i, 4*d - 37*i + 40*i - 9619 = 0. What are the prime factors of d?
2, 601
Let k(h) be the third derivative of h**6/120 + h**5/15 - 3*h**4/8 - h**3/3 + 16*h**2. What are the prime factors of k(-5)?
2, 3
Let b = -464 + 792. Suppose 4*w + 268 = 3*m, -5*w + 4*m - 2*m = b. List the prime factors of (w/40)/((-2)/5).
2
Let n(a) = a**3 + 9*a**2 - 5*a + 8. Let h be n(-7). Let r = h + -73. List the prime factors of r.
2, 17
Let z be ((-11)/33)/((-2)/(-6)). Let k(r) be the second derivative of -41*r**5/20 + r**2/2 + r. What are the prime factors of k(z)?
2, 3, 7
Suppose 0 = -2*t + 79 + 333. List the prime factors of t.
2, 103
What are the prime factors of 10/(-30) + (-169)/(-3)?
2, 7
Let a = -13 + 11. Let x be 4/3*(-87)/a. Suppose u + x = 3*u. List the prime factors of u.
29
Let a(b) be the first derivative of 2*b**3 + b**2/2 + 2. Let r be a(1). Suppose -r = t - 35. List the prime factors of t.
2, 7
Suppose 26910 = -3*a + 29*a. List the prime factors of a.
3, 5, 23
Let p = -146 + 275. Let a = p + -61. Suppose -6*m + a = -4*m. What are the prime factors of m?
2, 17
Let f = 14 + -18. Suppose -2*d + 5*a + 30 = 179, -15 = -5*a. Let g = f - d. List the prime factors of g.
3, 7
Let f = -970 - -4271. List the prime factors of f.
3301
Suppose 19*m - 41*m + 45210 = 0. What are the prime factors of m?
3, 5, 137
Let k = -299 + 380. List the prime factors of k.
3
Suppose -2*x = -6*x - 4. Let h be 5 + (-3 + 1 - x). Suppose 5*w = -3*v + 92, -h*v - 12 = -3*w + 20. List the prime factors of w.
2
Let u(v) be the third derivative of 11*v**5/60 - v**4/12 - 7*v**3/3 - 26*v**2. What are the prime factors of u(5)?
251
Suppose 0 = 8*k - 12*k - 188. What are the prime factors of k/(((-6)/4)/3)?
2, 47
Let c be 4 - 2/(6/9) - -202. Suppose -5*q + 731 = -p, -3*p - c = -3*q + 226. List the prime factors of q.
3, 7
Let m be 3/1 + (2 - -76). Let j = m + -37. Suppose -3*h + 24 - 9 = 0, -4*p + j = 4*h. What are the prime factors of p?
2, 3
Let q(j) = 85*j - 118. What are the prime factors of q(13)?
3, 7, 47
Let t(j) = 141*j - 60. List the prime factors of t(15).
3, 5, 137
Let m(s) = -15*s + 13. Let n be m(4). Let u = 1 - n. List the prime factors of u.
2, 3
Let d(v) = -v + 7. Let m be d(5). Suppose 4*f - 2 = z + 437, -223 = -m*f - 3*z. Suppose -6*a + f = -a. What are the prime factors of a?
2, 11
Suppose -4*c - 2*o - 2*o = -2044, -527 = -c - 5*o. List the prime factors of c.
3, 13
Let h(b) = 3*b**2 + 15*b + 42. List the prime factors of h(-10).
2, 3
Suppose -186 - 117 = 3*l - 2*r, l = -r - 106. Let a = 74 - l. Suppose -5*t + a = 5*h + 32, 4*h + 100 = 4*t. What are the prime factors of t?
3
Suppose -5*o + 18 = -0*j + 4*j, -3*o + 3*j = 0. Suppose 6*u = -o*u + 1776. List the prime factors of u.
2, 3, 37
Suppose -52 = -2*b + d, -37 = -2*b + b - 5*d. Suppose o = 2*l - 2, -l - 3*o = 4*l - b. Suppose l*y + 39 = 6*y. List the prime factors of y.
13
List the prime factors of 286440/189 + (-4)/(-9).
2, 379
Let s(q) = 10*q**2 - 25*q + 1. What are the prime factors of s(-6)?
7, 73
Suppose -3*z + 4 - 7 = 2*j, 4*j + 15 = 3*z. What are the prime factors of z/(3 + -2) + (9 - -62)?
2, 3
Let d(v) = 6*v - 7. Let o be (-1)/((-4)/(2 - -18)). Let s be d(o). Suppose -s = -y + 1. List the prime factors of y.
2, 3
Suppose -5*k - 48 = k. Let p = k + 25. What are the prime factors of p?
17
Suppose 11*l - 10*l = -5*u + 24755, 0 = 3*u + 4*l - 14836. List the prime factors of u.
2, 619
Let k = -5 - -2. Let u(m) = -12*m - 3. Let a be u(k). Suppose -3*f - 6*p = -p - a, 2*f + 5*p - 27 = 0. List the prime factors of f.
2, 3
Let v be -1*0/(3/3). Suppose -2*n + 0*n + q + 6 = v, 0 = -3*n + 4*q + 4. Suppose n*h - 75 = h. List the prime factors of h.
5
Let a(z) = 8*z + 4. Suppose r = k + 11, k + 3*k + 28 = -4*r. Let q be a(k). What are the prime factors of 4/(-22) + q/(-11)?
2, 3
Let h(n) = n**3 - 8*n**2 + 24*n + 26. What are the prime factors of h(8)?
2, 109
Suppose -3*w = z - 5, z + w - 3 = -0*z. List the prime factors of (((-33)/(-4))/3)/(z/32).
2, 11
Let x(l) = l**3 - 6*l**2 - 8*l - 13. Let r be x(9). Suppose 54 = -4*b + r. List the prime factors of b.
2, 13
Let n(l) = l**2 + 1. Let r(q) = -22*q**2 - 2*q - 5. Let h(u) = -6*n(u) - r(u). Let t = 25 + -27. What are the prime factors of h(t)?
59
Let d be ((4 - -10) + 4)/(-1). Let r = d + 52. What are the prime factors of 0 + -1 + 4 + r?
37
Let r = 1544 - -1623. What are the prime factors of r?
3167
Let u(c) = 63*c**2. Let x be u(1). Suppose -16 = -2*t + 132. Suppose q + x = 3*h - t, 0 = -3*q + 3. What are the prime factors of h?
2, 23
Suppose -13*w + 764 = -17*w. Let h = 291 + w. List the prime factors of h.
2, 5
Let w(d) = -375*d + 290. List the prime factors of w(-8).
2, 5, 7, 47
Let f = 46 - -4. Suppose 732 = f*z - 44*z. What are the prime factors of z?
2, 61
Let v(h) = h**2 - 10*h - 31. Let k be v(13). List the prime factors of ((-342)/(-4))/(4/k).
3, 19
Let g = 7 + 49. Suppose -5*v - g = -2*o, -2 = -5*o + 5*v + 108. List the prime factors of o.
2, 3
Suppose 54*r = 13*r + 32923. What are the prime factors of r?
11, 73
Let r(h) = h**2 + 8*h + 2. Suppose 3*l + 18 = -4*k - 52, l - 5*k + 36 = 0. Let f = 16 + l. List the prime factors of r(f).
2, 11
Let i = -120 + 120. List the prime factors of (-8)/(-2) + 1428/(i - -7).
2, 13
Let s(d) = 3*d**2 + d + 1. Let f(q) = q - 5. Let x be f(9). Suppose 11 + x = -5*k. What are the prime factors of s(k)?
5
Let x(a) = 10*a**2 - 7*a + 33. What are the prime factors of x(6)?
3, 13
Let b(n) = 36*n + 17. Let c(o) = -2*o - 7. Let l be c(-7). Let w be b(l). Suppose 5*d + x = w + 4, 2*d - 2*x - 102 = 0. What are the prime factors of d?
2, 3
Let t(c) = 10 + 24*c + c**2 - 42*c + 28*c. List the prime factors of t(7).
3, 43
Let t(c) = -c**2 - 37*c + 27. Let y = -39 + 7. What are the prime factors of t(y)?
11, 17
Let z(x) = -14*x - 20. Let k be z(-10). Suppose y = 5*o - 255, 3*o = 5*y + 55 + k. What are the prime factors of o?
2, 5
Let q = -8 + 2. Let o = q + 9. Suppose 0 = o*g + g - b - 31, 3*b - 60 = -5*g. List the prime factors of g.
3
Let p(b) = -97*b + 28*b - 29*b - 19. What are the prime factors of p(-3)?
5, 11
Let c = -661 - -1927. What are the prime factors of c?
2, 3, 211
Let m(y) = 1530*y**3 + 18*y**2 - 17*y - 2. List the prime factors of m(1).
11, 139
Suppose -n + 3 + 3 = 0. Suppose 5*x - 5 = 5, -3*x + n = m. Suppose m = 2*h + 4*u - 40, 3*u + 10 = u. What are the prime factors of h?
2, 3, 5
Let a(g) = g**3 - g**2 + 6*g + 9. Let w = -20 - -24. What are the prime factors of a(w)?
3
Suppose 2*t - 8 = 4*b, -3*t - 3*b = -2*t - 4. List the prime factors of 312/3 - (-12)/(0 - t).
101
Let h(t) = 5*t**2 - t + 1. Let s be h(1). Suppose 399 = 4*n + d, 4*d = -s*n - d + 510. Suppose 0*u - n = -3*u. 